{"id":11,"date":"2022-09-18T22:27:06","date_gmt":"2022-09-18T20:27:06","guid":{"rendered":"http:\/\/acorpstribal.com\/?page_id=11"},"modified":"2025-02-28T08:17:34","modified_gmt":"2025-02-28T07:17:34","slug":"les-cours","status":"publish","type":"page","link":"https:\/\/acorpstribal.com\/index.php\/les-cours\/","title":{"rendered":"Les Cours"},"content":{"rendered":"\n<figure class=\"wp-block-pullquote\"><blockquote><p>Cours hebdomadaires<\/p><\/blockquote><\/figure>\n\n\n\n<p><strong>Mercredi soir&nbsp;<\/strong>de&nbsp;<strong>20h&nbsp;<\/strong>\u00e0&nbsp;<strong>21h30:&nbsp;<\/strong>niveau interm\u00e9diaire et avanc\u00e9<\/p>\n\n\n\n<p class=\"has-white-background-color has-background\"><strong>Vendredi soir\u00a0<\/strong>de\u00a0<strong>20h\u00a0<\/strong>\u00e0\u00a0<strong>21h30<\/strong>: niveau d\u00e9butant<\/p>\n\n\n\n<p>L&rsquo;inscription pour les cours hebdomadaires s&rsquo;effectue directement aupr\u00e8s de l&rsquo;\u00e9cole&nbsp;<strong>Studio K<\/strong>.&nbsp;<\/p>\n\n\n\n<p>Contact&nbsp;<a rel=\"noreferrer noopener\" href=\"http:\/\/studio-k-nice.fr\/notre-ecole\/\" target=\"_blank\"><strong>ici<\/strong><\/a><\/p>\n\n\n\n<p><strong>\u200b<\/strong><\/p>\n\n\n\n<p><\/p>\n","protected":false},"excerpt":{"rendered":"<p>Cours hebdomadaires Mercredi soir&nbsp;de&nbsp;20h&nbsp;\u00e0&nbsp;21h30:&nbsp;niveau interm\u00e9diaire et avanc\u00e9 Vendredi soir\u00a0de\u00a020h\u00a0\u00e0\u00a021h30: niveau d\u00e9butant L&rsquo;inscription pour les cours hebdomadaires s&rsquo;effectue directement aupr\u00e8s de l&rsquo;\u00e9cole&nbsp;Studio K.&nbsp; Contact&nbsp;ici \u200b<\/p>\n","protected":false},"author":1,"featured_media":0,"parent":0,"menu_order":0,"comment_status":"closed","ping_status":"closed","template":"","meta":{"footnotes":""},"class_list":["post-11","page","type-page","status-publish","hentry"],"_links":{"self":[{"href":"https:\/\/acorpstribal.com\/index.php\/wp-json\/wp\/v2\/pages\/11","targetHints":{"allow":["GET"]}}],"collection":[{"href":"https:\/\/acorpstribal.com\/index.php\/wp-json\/wp\/v2\/pages"}],"about":[{"href":"https:\/\/acorpstribal.com\/index.php\/wp-json\/wp\/v2\/types\/page"}],"author":[{"embeddable":true,"href":"https:\/\/acorpstribal.com\/index.php\/wp-json\/wp\/v2\/users\/1"}],"replies":[{"embeddable":true,"href":"https:\/\/acorpstribal.com\/index.php\/wp-json\/wp\/v2\/comments?post=11"}],"version-history":[{"count":5,"href":"https:\/\/acorpstribal.com\/index.php\/wp-json\/wp\/v2\/pages\/11\/revisions"}],"predecessor-version":[{"id":116,"href":"https:\/\/acorpstribal.com\/index.php\/wp-json\/wp\/v2\/pages\/11\/revisions\/116"}],"wp:attachment":[{"href":"https:\/\/acorpstribal.com\/index.php\/wp-json\/wp\/v2\/media?parent=11"}],"curies":[{"name":"wp","href":"https:\/\/api.w.org\/{rel}","templated":true}]}}